15). Let p = 21 + r. List the prime factors of p.
3
Let p = 14 - -152. What are the prime factors of p?
2, 83
List the prime factors of ((-24)/40)/((-1)/15).
3
Suppose -3*h = -6*h + 12, 2*h - 588 = -5*o. What are the prime factors of o?
2, 29
Let s be (4 - 2 - 1) + 1. Suppose -s = -f - 0*f. Suppose f*r + r = 12. What are the prime factors of r?
2
Suppose 0 = -2*s + 2*i + 27 + 153, -3 = -3*i. What are the prime factors of s?
7, 13
Suppose -5*l - 6 + 36 = 0. List the prime factors of l.
2, 3
Let m = 5 + -3. Suppose -u - m*u = -42. What are the prime factors of u?
2, 7
Suppose 0*u = -4*c + 3*u - 222, -u - 116 = 2*c. Let n = -29 - c. List the prime factors of n.
2, 7
Let k(y) = -y**2 - 28*y - 11. What are the prime factors of k(-13)?
2, 23
Suppose 3*h - 4 = q, -5*q + 0*q + 14 = 2*h. Suppose 5*k - 24 = h*k. List the prime factors of k.
2
Let f(p) = p**3 - 6*p**2 + 8*p - 4. Let j(a) = a**2 - 11*a + 15. Let t be j(10). What are the prime factors of f(t)?
11
Suppose -6 + 4 = -m. List the prime factors of m.
2
List the prime factors of 1/2 - 134/(-4).
2, 17
Let y(v) = -3. Let m(w) = -w - 7. Let x(t) = -2*m(t) + 5*y(t). List the prime factors of x(3).
5
Let q = 31 + -3. Let j = q + -14. List the prime factors of j.
2, 7
Let i be (3/2)/((-4)/(-8)). Suppose -30 = -0*a - i*a. List the prime factors of a.
2, 5
Let p(o) = 2*o - 10. Let a be p(7). Suppose 4*c + 5*r = 13, 5*r = a*c - 0 - 3. List the prime factors of c.
2
Suppose 3*f = -2*f - 3*u + 13, -2*f - 2*u + 6 = 0. Suppose -36 = -6*l + f*l. What are the prime factors of l?
3
Let d = 50 - 86. Let n = d + 51. What are the prime factors of n?
3, 5
Suppose 4*b + 27 = -l, l + 21 = -3*b - 0*l. Let a = 12 + b. Suppose 3*k + m = a*m - 5, 4*m - 16 = 0. List the prime factors of k.
5
Let z(c) = -52*c - 1. What are the prime factors of z(-1)?
3, 17
Suppose -10*a = -5*a - 125. List the prime factors of a.
5
Let y(p) = 33*p**3 - p**2 - 3. What are the prime factors of y(2)?
257
Suppose -35 = -5*u + 5. Let x(t) = -t**3 + 8*t**2 - t + 11. Let n be x(u). Suppose 0*b + 6 = n*b. What are the prime factors of b?
2
Suppose 0 = 5*p + 5*q - 25, -p + q + 15 = 4*q. Suppose 6 = -3*o, p = 2*d + 6*o - 2*o - 46. What are the prime factors of d?
3
Suppose -g = -0*g + 2*t, 3*g - 4*t - 10 = 0. Suppose g*l - 3*j = 32, j - 67 = -3*l - 4*j. What are the prime factors of l?
19
Suppose -3*v + 32 = -v - z, -4*z = 4*v - 52. What are the prime factors of v?
3, 5
Let v = 79 + -142. Let j = -42 - v. List the prime factors of j.
3, 7
Let d be (14/(-21))/((-2)/42). Suppose 2*t = -2*j + 2, 2*t - j - 3*j = d. Suppose -t*a = -a - 26. List the prime factors of a.
13
Let h(n) = -3*n + 3. Let r(w) = -w**3 - 3*w**2 + w. Let o be r(-3). What are the prime factors of h(o)?
2, 3
Suppose 0 = -3*i + 3*c + 6 + 24, 4*i = -4*c. Suppose -10 = 3*y + 8. List the prime factors of i + 0*(-3)/y.
5
Let l(n) = -23*n**3 - 2*n**2 - 2*n - 1. Let p be l(-1). Let t = -5 + p. Suppose 2*i = 3 + t. What are the prime factors of i?
2, 5
Suppose -3*a - 9 = 4*j, -5*a + 0 = -2*j + 15. Suppose j = -4*y + 37 + 63. List the prime factors of y.
5
Let t be (4/3)/(4/6). Suppose -3*y + 74 = 2*y + 3*o, -4*y - t*o = -58. List the prime factors of y.
13
Suppose 0 = 3*b - 0*b. Let h = 7 - b. What are the prime factors of h?
7
Let t = 26 + -8. Suppose -5*v + 4*v = -t. What are the prime factors of v?
2, 3
Suppose v = -7 + 65. Let m = 13 + v. Suppose -2*c - 43 = -5*c - t, -5*c = t - m. What are the prime factors of c?
2, 7
Suppose 3*q = -b + 94, -6*q - b + 160 = -q. What are the prime factors of q?
3, 11
Suppose 2*o = 3*n - 16, 18 = -2*n + n - 4*o. Suppose 5*t - f = 33, 7*f = -4*t + n*f + 38. What are the prime factors of t?
7
Let y(i) = -i**3 - 5*i**2 + 3*i - 7. Let t(r) be the first derivative of -7*r**2/2 + r - 2. Let f be t(1). List the prime factors of y(f).
11
Let n = 0 - -2. Suppose -3*q + 8 = -2*m, -n*q + 3*m - 2 = -q. List the prime factors of q.
2
Let a(n) be the third derivative of n**5/60 - n**4/24 + 2*n**2. What are the prime factors of a(2)?
2
Suppose -6 = -0*z - 3*z. Let k be z/(-2) - -3 - 1. What are the prime factors of -7*k*(0 + -1)?
7
Suppose 5*c = 178 + 457. What are the prime factors of c?
127
Suppose 3 = -3*w - 66. Let n = 25 + w. What are the prime factors of n?
2
Let a be (-588)/(-24) - (-1)/(-2). Let u = 28 - a. What are the prime factors of u?
2
Let r be ((6 - 4) + -3)*7. List the prime factors of 46/2 + (-3 - r).
3
Suppose -5*d = 4*o + 5, d + d = 3*o + 21. Let u = o - -26. What are the prime factors of u?
3, 7
Suppose 0 = f + f - 18. What are the prime factors of f?
3
Let i(x) = -4*x**2 - 3*x + 3. Let m be i(-3). Let b be ((-1)/(-2))/((-4)/m). Let s(v) = 3*v - 3. What are the prime factors of s(b)?
2, 3
Let a = -5 - -28. Let c = -11 + a. What are the prime factors of c?
2, 3
Suppose -2*g + 190 = 3*g. Suppose 3*f - 2*r - g = 0, 2*r - 22 = -f + 5*r. What are the prime factors of f?
2, 5
Let o(q) = -2*q - 1. Let g be o(-4). Let s = -2 + g. Suppose -3*m - 3*u = -24, -4*u - 15 = -2*m - s. List the prime factors of m.
7
Let n = 61 + -53. What are the prime factors of n?
2
Let p(d) = -d**2 - 12*d + 22. List the prime factors of p(-10).
2, 3, 7
Let a = 72 + 51. List the prime factors of a.
3, 41
List the prime factors of -3 - 9/((-27)/1158).
383
Let d(l) = l + 5. List the prime factors of d(4).
3
Suppose -2*f = f. Let z = 13 + -13. Suppose -5*v - 2*m + 26 = z, 2*v + 4*m + 0 - 4 = f. What are the prime factors of v?
2, 3
Let i(l) = 2*l**2 + l - 1. Let m be i(3). Suppose 0 = 5*r + m, r + 35 = a - 2*r. What are the prime factors of a?
23
Let h(v) = v**3 - 3*v**2 + 2. Let q be 1/4 - (-33)/12. List the prime factors of h(q).
2
Let a(k) = k**2 - 2*k - 4. What are the prime factors of a(-5)?
31
What are the prime factors of 1/(-1 + -2) - (-284)/6?
47
Let m = 110 + -67. What are the prime factors of m?
43
Let x be (3 + -6)/(6/(-4)). Suppose -p + 8 = x. List the prime factors of p.
2, 3
Let s = -142 + 328. List the prime factors of s.
2, 3, 31
Let z(n) = -97*n - 4. What are the prime factors of z(-1)?
3, 31
Suppose -7*z - 7 = -987. What are the prime factors of z?
2, 5, 7
Suppose -4*i - 4*j + 23 = 3, 4*i - 12 = -2*j. Let t = 0 + i. Suppose -11 = -b - t. List the prime factors of b.
2, 5
List the prime factors of 356/16 + 3/4.
23
Let n(g) = -7*g - 3. Let v be n(5). List the prime factors of (v/10 - -3)*-10.
2
Let m be (-1 + 5)*5/2. Suppose -i - 4*i + m = 0. Suppose -i = -2*f + 24. What are the prime factors of f?
13
Let t(h) = 16*h**3 + 2*h**2 + h. Let p be t(-1). List the prime factors of (-1 - 26)/(p/20).
2, 3
Suppose -9 - 11 = -5*x. Suppose 3*f = f + x. Suppose -32 = -f*y - 4. What are the prime factors of y?
2, 7
Suppose -5*j - 453 = -5*o - 133, j + 126 = 2*o. Suppose 3*q = 4*k + 5*q - o, -2*q - 46 = -2*k. List the prime factors of k.
2, 3
Let y = -6 + 8. Suppose 5*v - g + 1 = 0, -4*v + 2*g - y = -2*v. Suppose v = 5*q - 0*q - 50. What are the prime factors of q?
2, 5
Let n(g) = -3*g**3 + 3*g**2 + 4*g + 2. What are the prime factors of n(-2)?
2, 3, 5
Let b = -337 - -644. List the prime factors of b.
307
What are the prime factors of (-1 + (-3)/2)/((-4)/24)?
3, 5
Let w be (-1)/(-1 - (-4 + 2)). Let o = w - -1. Suppose o = 4*h - 16. List the prime factors of h.
2
Suppose 0*q + p - 10 = -2*q, 5*p = q - 16. Suppose -q*i = -i - 45. List the prime factors of i.
3
Let t(z) = 20*z + 4. Let g be t(-4). Let h = g - -106. What are the prime factors of h?
2, 3, 5
Suppose 0 = -10*w + 15*w - 10. Suppose 5 = 4*b - 3. Suppose w*f - f - n - 19 = 0, -3*n + 33 = b*f. List the prime factors of f.
2, 3
Suppose 6 - 26 = -4*b - p, -5*b + 5*p = -25. Suppose 2*i = 5*i. Suppose -2*d + 6 = 0, 37 = b*g - i*g - d. What are the prime factors of g?
2
Suppose 0 = m - 5*h - 23, -3*h + 0*h - 12 = 0. Suppose 2*i + 19 = m*t, 6*t - 1 = 4*t - i. Suppose t*w - 38 = 25. List the prime factors of w.
3, 7
Let h be 370/(-22) + 2/(-11). Let u = h - -37. List the prime factors of u.
2, 5
Let y(j) = -19*j + 4. What are the prime factors of y(-4)?
2, 5
Suppose 2*c + 240 = 2*o, -2*o - o + 360 = 2*c. List the prime factors of o.
2, 3, 5
Let t = 7 + -3. Suppose 4*w = 29 + 15. Suppose -s + w = t*o, -15 = 4*s - 9*s. What are the prime factors of o?
2
Let n = 5 + 7. Suppose -15 = -3*z - 0*z. Let f = n - z. List the prime factors 